{"id":17189,"date":"2021-01-06T08:50:55","date_gmt":"2021-01-06T08:50:55","guid":{"rendered":"https:\/\/www.spanishvillaphotography.com\/album\/comares-villa\/"},"modified":"2025-06-09T19:40:21","modified_gmt":"2025-06-09T18:40:21","slug":"comares-villa","status":"publish","type":"album","link":"https:\/\/www.spanishvillaphotography.com\/es\/album\/comares-villa\/","title":{"rendered":"Comares Villa"},"content":{"rendered":"<p>Nuestro objetivo en esta sesi\u00f3n fotogr\u00e1fica no era solo capturar las l\u00edneas limpias de esta villa, sino tambi\u00e9n resaltar la sensaci\u00f3n general de tranquilidad que se respira en la casa y la paz del paisaje circundante. Para el interior, quer\u00edamos mostrar la combinaci\u00f3n de muebles modernos y de calidad con interesantes objetos del Lejano Oriente. La decoraci\u00f3n de toda la casa era fresca y todas las estancias resultaban atractivas. En toda la villa, los propietarios se hab\u00edan centrado en temas de energ\u00eda positiva, luz y la sensaci\u00f3n de relajaci\u00f3n y felicidad; quer\u00edamos enfatizar estas ideas.   <\/p>\n<p>En el exterior, la piscina se fotografi\u00f3 como resplandeciente y acogedora, tentando a los clientes potenciales a pasar sus vacaciones aqu\u00ed. El jard\u00edn estaba lleno de hermosos \u00e1rboles y plantas coloridas; necesit\u00e1bamos incluirlas para demostrar que ser\u00eda un lugar encantador para relajarse. Finalmente, era importante mostrar el paisaje virgen que rodea la villa, los olivos y almendros, y el sol del sur de Espa\u00f1a.  <\/p>\n<p>&nbsp;<\/p>\n","protected":false},"featured_media":15851,"comment_status":"closed","ping_status":"closed","template":"","genre":[126],"class_list":{"0":"post-17189","1":"album","2":"type-album","3":"status-publish","4":"has-post-thumbnail","6":"genre-propiedades-en-el-campo"},"_links":{"self":[{"href":"https:\/\/www.spanishvillaphotography.com\/es\/wp-json\/wp\/v2\/album\/17189","targetHints":{"allow":["GET"]}}],"collection":[{"href":"https:\/\/www.spanishvillaphotography.com\/es\/wp-json\/wp\/v2\/album"}],"about":[{"href":"https:\/\/www.spanishvillaphotography.com\/es\/wp-json\/wp\/v2\/types\/album"}],"replies":[{"embeddable":true,"href":"https:\/\/www.spanishvillaphotography.com\/es\/wp-json\/wp\/v2\/comments?post=17189"}],"wp:featuredmedia":[{"embeddable":true,"href":"https:\/\/www.spanishvillaphotography.com\/es\/wp-json\/wp\/v2\/media\/15851"}],"wp:attachment":[{"href":"https:\/\/www.spanishvillaphotography.com\/es\/wp-json\/wp\/v2\/media?parent=17189"}],"wp:term":[{"taxonomy":"genre","embeddable":true,"href":"https:\/\/www.spanishvillaphotography.com\/es\/wp-json\/wp\/v2\/genre?post=17189"}],"curies":[{"name":"wp","href":"https:\/\/api.w.org\/{rel}","templated":true}]}}

<p>Nuestro objetivo en esta sesión fotográfica no era solo capturar las líneas limpias de esta villa, sino también resaltar la sensación general de tranquilidad que se respira en la casa y la paz del paisaje circundante. Para el interior, queríamos mostrar la combinación de muebles modernos y de calidad con interesantes objetos del Lejano Oriente. La decoración de toda la casa era fresca y todas las estancias resultaban atractivas. En toda la villa, los propietarios se habían centrado en temas de energía positiva, luz y la sensación de relajación y felicidad; queríamos enfatizar estas ideas.   </p>
<p>En el exterior, la piscina se fotografió como resplandeciente y acogedora, tentando a los clientes potenciales a pasar sus vacaciones aquí. El jardín estaba lleno de hermosos árboles y plantas coloridas; necesitábamos incluirlas para demostrar que sería un lugar encantador para relajarse. Finalmente, era importante mostrar el paisaje virgen que rodea la villa, los olivos y almendros, y el sol del sur de España.  </p>
<p>&nbsp;</p>
