{"id":17183,"date":"2021-01-06T09:40:16","date_gmt":"2021-01-06T09:40:16","guid":{"rendered":"https:\/\/www.spanishvillaphotography.com\/album\/la-casita\/"},"modified":"2025-06-11T11:51:19","modified_gmt":"2025-06-11T10:51:19","slug":"la-casita","status":"publish","type":"album","link":"https:\/\/www.spanishvillaphotography.com\/es\/album\/la-casita\/","title":{"rendered":"La Casita"},"content":{"rendered":"<p>La Casita fue una sesi\u00f3n fotogr\u00e1fica para una propiedad de alquiler vacacional diferente. Estaba anexa a una casa grande en venta (ver <a href=\"https:\/\/www.spanishvillaphotography.com\/es\/album\/las-chimeneas\/\">Las Chimeneas<\/a>). Por lo tanto, La Casita deb\u00eda atraer a un comprador, no a un turista. Al igual que la propiedad principal, deb\u00edamos mostrar lo que inclu\u00eda la venta y hacer que La Casita fuera atractiva para un comprador que buscaba una casa de hu\u00e9spedes.   <\/p>\n<p>Los propietarios hab\u00edan preparado La Casita, el terreno y la piscina para la sesi\u00f3n, por lo que pudimos concentrarnos exclusivamente en tomar fotograf\u00edas, ahorrando un tiempo valioso.<\/p>\n","protected":false},"featured_media":15642,"comment_status":"closed","ping_status":"closed","template":"","genre":[126,127],"class_list":{"0":"post-17183","1":"album","2":"type-album","3":"status-publish","4":"has-post-thumbnail","6":"genre-propiedades-en-el-campo","7":"genre-recorridos-de-360"},"_links":{"self":[{"href":"https:\/\/www.spanishvillaphotography.com\/es\/wp-json\/wp\/v2\/album\/17183","targetHints":{"allow":["GET"]}}],"collection":[{"href":"https:\/\/www.spanishvillaphotography.com\/es\/wp-json\/wp\/v2\/album"}],"about":[{"href":"https:\/\/www.spanishvillaphotography.com\/es\/wp-json\/wp\/v2\/types\/album"}],"replies":[{"embeddable":true,"href":"https:\/\/www.spanishvillaphotography.com\/es\/wp-json\/wp\/v2\/comments?post=17183"}],"wp:featuredmedia":[{"embeddable":true,"href":"https:\/\/www.spanishvillaphotography.com\/es\/wp-json\/wp\/v2\/media\/15642"}],"wp:attachment":[{"href":"https:\/\/www.spanishvillaphotography.com\/es\/wp-json\/wp\/v2\/media?parent=17183"}],"wp:term":[{"taxonomy":"genre","embeddable":true,"href":"https:\/\/www.spanishvillaphotography.com\/es\/wp-json\/wp\/v2\/genre?post=17183"}],"curies":[{"name":"wp","href":"https:\/\/api.w.org\/{rel}","templated":true}]}}

<p>La Casita fue una sesión fotográfica para una propiedad de alquiler vacacional diferente. Estaba anexa a una casa grande en venta (ver <a href="https://www.spanishvillaphotography.com/es/album/las-chimeneas/">Las Chimeneas</a>). Por lo tanto, La Casita debía atraer a un comprador, no a un turista. Al igual que la propiedad principal, debíamos mostrar lo que incluía la venta y hacer que La Casita fuera atractiva para un comprador que buscaba una casa de huéspedes.   </p>
<p>Los propietarios habían preparado La Casita, el terreno y la piscina para la sesión, por lo que pudimos concentrarnos exclusivamente en tomar fotografías, ahorrando un tiempo valioso.</p>
