{"id":17181,"date":"2021-01-06T10:00:47","date_gmt":"2021-01-06T10:00:47","guid":{"rendered":"https:\/\/www.spanishvillaphotography.com\/album\/casa-de-arriba\/"},"modified":"2025-06-09T19:36:28","modified_gmt":"2025-06-09T18:36:28","slug":"casa-de-arriba","status":"publish","type":"album","link":"https:\/\/www.spanishvillaphotography.com\/es\/album\/casa-de-arriba\/","title":{"rendered":"Casa de Arriba"},"content":{"rendered":"<p>Ubicada en el pueblo de Capileira, en la alta monta\u00f1a, esta casa hace honor a su nombre: Casa Arriba. Esta tradicional casa de pueblo ha sido recientemente reformada con textiles brillantes y una paleta de colores moderna para su alquiler vacacional. <\/p>\n<p>Con un gran ventanal en el sal\u00f3n como elemento destacado y situada a las afueras del pueblo, las vistas desde esta propiedad son impresionantes. La casa mira hacia el Valle del Poqueira, con las monta\u00f1as de la Contraviesa como tel\u00f3n de fondo. Quer\u00edamos realzar este espectacular paisaje. En la \u00e9poca adecuada del a\u00f1o, las golondrinas est\u00e1n muy ocupadas, y fue una ventaja adicional poder fotografiar a las aves volando en picado sobre la azotea.   <\/p>\n<p>&nbsp;<\/p>\n","protected":false},"featured_media":15527,"comment_status":"closed","ping_status":"closed","template":"","genre":[124],"class_list":{"0":"post-17181","1":"album","2":"type-album","3":"status-publish","4":"has-post-thumbnail","6":"genre-casas-de-pueblo"},"_links":{"self":[{"href":"https:\/\/www.spanishvillaphotography.com\/es\/wp-json\/wp\/v2\/album\/17181","targetHints":{"allow":["GET"]}}],"collection":[{"href":"https:\/\/www.spanishvillaphotography.com\/es\/wp-json\/wp\/v2\/album"}],"about":[{"href":"https:\/\/www.spanishvillaphotography.com\/es\/wp-json\/wp\/v2\/types\/album"}],"replies":[{"embeddable":true,"href":"https:\/\/www.spanishvillaphotography.com\/es\/wp-json\/wp\/v2\/comments?post=17181"}],"wp:featuredmedia":[{"embeddable":true,"href":"https:\/\/www.spanishvillaphotography.com\/es\/wp-json\/wp\/v2\/media\/15527"}],"wp:attachment":[{"href":"https:\/\/www.spanishvillaphotography.com\/es\/wp-json\/wp\/v2\/media?parent=17181"}],"wp:term":[{"taxonomy":"genre","embeddable":true,"href":"https:\/\/www.spanishvillaphotography.com\/es\/wp-json\/wp\/v2\/genre?post=17181"}],"curies":[{"name":"wp","href":"https:\/\/api.w.org\/{rel}","templated":true}]}}

<p>Ubicada en el pueblo de Capileira, en la alta montaña, esta casa hace honor a su nombre: Casa Arriba. Esta tradicional casa de pueblo ha sido recientemente reformada con textiles brillantes y una paleta de colores moderna para su alquiler vacacional. </p>
<p>Con un gran ventanal en el salón como elemento destacado y situada a las afueras del pueblo, las vistas desde esta propiedad son impresionantes. La casa mira hacia el Valle del Poqueira, con las montañas de la Contraviesa como telón de fondo. Queríamos realzar este espectacular paisaje. En la época adecuada del año, las golondrinas están muy ocupadas, y fue una ventaja adicional poder fotografiar a las aves volando en picado sobre la azotea.   </p>
<p>&nbsp;</p>
