{"id":17180,"date":"2021-01-06T10:10:24","date_gmt":"2021-01-06T10:10:24","guid":{"rendered":"https:\/\/www.spanishvillaphotography.com\/album\/el-laurel\/"},"modified":"2025-06-09T19:36:41","modified_gmt":"2025-06-09T18:36:41","slug":"el-laurel","status":"publish","type":"album","link":"https:\/\/www.spanishvillaphotography.com\/es\/album\/el-laurel\/","title":{"rendered":"El Laurel"},"content":{"rendered":"<p>Nos encanta viajar m\u00e1s lejos, y esta sesi\u00f3n cerca de Almer\u00eda nos permiti\u00f3 admirar paisajes desconocidos, pero encantadores. El reto fue aprovechar al m\u00e1ximo algunas habitaciones que a\u00fan no estaban amuebladas. A\u00f1adimos algunos objetos de otras partes de la casa para mostrar las posibilidades del espacio.  <\/p>\n<p>Al ser una casa de pueblo tradicional, con un interior m\u00e1s oscuro que el deslumbrante sol del exterior, buscamos \u00e1ngulos que realzaran el car\u00e1cter de la propiedad. Con las habitaciones m\u00e1s peque\u00f1as, nuestro objetivo era mostrar lo m\u00e1ximo posible, sin confundir la vista con respecto al espacio disponible. Resaltar algunos de los peque\u00f1os detalles es una forma de transmitir el encanto de la casa, es decir, de mostrar al espectador que se ha prestado atenci\u00f3n al detalle.  <\/p>\n<p>Despu\u00e9s de fotografiar la casa, nos tomamos un tiempo para recorrer el pueblo de Senes y tomar algunas fotos panor\u00e1micas. Estas fotos se incluyeron en el paquete del cliente para que los posibles hu\u00e9spedes de vacaciones se hicieran una idea de la zona. <\/p>\n","protected":false},"featured_media":15462,"comment_status":"closed","ping_status":"closed","template":"","genre":[124],"class_list":{"0":"post-17180","1":"album","2":"type-album","3":"status-publish","4":"has-post-thumbnail","6":"genre-casas-de-pueblo"},"_links":{"self":[{"href":"https:\/\/www.spanishvillaphotography.com\/es\/wp-json\/wp\/v2\/album\/17180","targetHints":{"allow":["GET"]}}],"collection":[{"href":"https:\/\/www.spanishvillaphotography.com\/es\/wp-json\/wp\/v2\/album"}],"about":[{"href":"https:\/\/www.spanishvillaphotography.com\/es\/wp-json\/wp\/v2\/types\/album"}],"replies":[{"embeddable":true,"href":"https:\/\/www.spanishvillaphotography.com\/es\/wp-json\/wp\/v2\/comments?post=17180"}],"wp:featuredmedia":[{"embeddable":true,"href":"https:\/\/www.spanishvillaphotography.com\/es\/wp-json\/wp\/v2\/media\/15462"}],"wp:attachment":[{"href":"https:\/\/www.spanishvillaphotography.com\/es\/wp-json\/wp\/v2\/media?parent=17180"}],"wp:term":[{"taxonomy":"genre","embeddable":true,"href":"https:\/\/www.spanishvillaphotography.com\/es\/wp-json\/wp\/v2\/genre?post=17180"}],"curies":[{"name":"wp","href":"https:\/\/api.w.org\/{rel}","templated":true}]}}

<p>Nos encanta viajar más lejos, y esta sesión cerca de Almería nos permitió admirar paisajes desconocidos, pero encantadores. El reto fue aprovechar al máximo algunas habitaciones que aún no estaban amuebladas. Añadimos algunos objetos de otras partes de la casa para mostrar las posibilidades del espacio.  </p>
<p>Al ser una casa de pueblo tradicional, con un interior más oscuro que el deslumbrante sol del exterior, buscamos ángulos que realzaran el carácter de la propiedad. Con las habitaciones más pequeñas, nuestro objetivo era mostrar lo máximo posible, sin confundir la vista con respecto al espacio disponible. Resaltar algunos de los pequeños detalles es una forma de transmitir el encanto de la casa, es decir, de mostrar al espectador que se ha prestado atención al detalle.  </p>
<p>Después de fotografiar la casa, nos tomamos un tiempo para recorrer el pueblo de Senes y tomar algunas fotos panorámicas. Estas fotos se incluyeron en el paquete del cliente para que los posibles huéspedes de vacaciones se hicieran una idea de la zona. </p>
