{"id":17178,"date":"2021-01-06T10:30:21","date_gmt":"2021-01-06T10:30:21","guid":{"rendered":"https:\/\/www.spanishvillaphotography.com\/album\/apartamento-4-capileira\/"},"modified":"2025-06-09T19:34:42","modified_gmt":"2025-06-09T18:34:42","slug":"apartamento-4-capileira","status":"publish","type":"album","link":"https:\/\/www.spanishvillaphotography.com\/es\/album\/apartamento-4-capileira\/","title":{"rendered":"Apartamento 4 Capileira"},"content":{"rendered":"<p>Esta propiedad se encontraba en Capileira, uno de los bonitos pueblos blancos de las Alpujarras. Era importante detallar con precisi\u00f3n las instalaciones que ofrec\u00eda el apartamento y lo que los hu\u00e9spedes pod\u00edan esperar ver a su llegada. <\/p>\n<p>El impresionante paisaje de las monta\u00f1as de Sierra Nevada es sin duda la caracter\u00edstica principal de esta zona, pero tambi\u00e9n lo es el sol radiante. Quer\u00edamos captar los aspectos soleados de estos apartamentos y pudimos utilizar las t\u00e9cnicas de iluminaci\u00f3n adecuadas para aprovechar al m\u00e1ximo la luz natural tanto en el interior como en el exterior. <\/p>\n<p>La principal caracter\u00edstica de este apartamento en el pueblo era la hermosa vista a las monta\u00f1as, enmarcada por parras. Hab\u00eda bastantes vides cuando llegamos, pero el due\u00f1o nos permiti\u00f3 podar un poco las ramas para mejorar a\u00fan m\u00e1s la vista. <\/p>\n","protected":false},"featured_media":15427,"comment_status":"closed","ping_status":"closed","template":"","genre":[124],"class_list":{"0":"post-17178","1":"album","2":"type-album","3":"status-publish","4":"has-post-thumbnail","6":"genre-casas-de-pueblo"},"_links":{"self":[{"href":"https:\/\/www.spanishvillaphotography.com\/es\/wp-json\/wp\/v2\/album\/17178","targetHints":{"allow":["GET"]}}],"collection":[{"href":"https:\/\/www.spanishvillaphotography.com\/es\/wp-json\/wp\/v2\/album"}],"about":[{"href":"https:\/\/www.spanishvillaphotography.com\/es\/wp-json\/wp\/v2\/types\/album"}],"replies":[{"embeddable":true,"href":"https:\/\/www.spanishvillaphotography.com\/es\/wp-json\/wp\/v2\/comments?post=17178"}],"wp:featuredmedia":[{"embeddable":true,"href":"https:\/\/www.spanishvillaphotography.com\/es\/wp-json\/wp\/v2\/media\/15427"}],"wp:attachment":[{"href":"https:\/\/www.spanishvillaphotography.com\/es\/wp-json\/wp\/v2\/media?parent=17178"}],"wp:term":[{"taxonomy":"genre","embeddable":true,"href":"https:\/\/www.spanishvillaphotography.com\/es\/wp-json\/wp\/v2\/genre?post=17178"}],"curies":[{"name":"wp","href":"https:\/\/api.w.org\/{rel}","templated":true}]}}

<p>Esta propiedad se encontraba en Capileira, uno de los bonitos pueblos blancos de las Alpujarras. Era importante detallar con precisión las instalaciones que ofrecía el apartamento y lo que los huéspedes podían esperar ver a su llegada. </p>
<p>El impresionante paisaje de las montañas de Sierra Nevada es sin duda la característica principal de esta zona, pero también lo es el sol radiante. Queríamos captar los aspectos soleados de estos apartamentos y pudimos utilizar las técnicas de iluminación adecuadas para aprovechar al máximo la luz natural tanto en el interior como en el exterior. </p>
<p>La principal característica de este apartamento en el pueblo era la hermosa vista a las montañas, enmarcada por parras. Había bastantes vides cuando llegamos, pero el dueño nos permitió podar un poco las ramas para mejorar aún más la vista. </p>
