{"id":17169,"date":"2021-10-12T16:51:40","date_gmt":"2021-10-12T15:51:40","guid":{"rendered":"https:\/\/www.spanishvillaphotography.com\/album\/casa-pepa\/"},"modified":"2025-06-09T19:31:46","modified_gmt":"2025-06-09T18:31:46","slug":"casa-pepa","status":"publish","type":"album","link":"https:\/\/www.spanishvillaphotography.com\/es\/album\/casa-pepa\/","title":{"rendered":"Casa Pepa"},"content":{"rendered":"<p>Este apartamento de alquiler hab\u00eda sido reformado recientemente, utilizando los elementos y el mobiliario existentes, pero al mismo tiempo d\u00e1ndole un aspecto luminoso, limpio y aireado. Esto permiti\u00f3 crear un conjunto de fotos que mostraban los colores vibrantes y la atenci\u00f3n al detalle que se hab\u00eda prestado a la decoraci\u00f3n de cada habitaci\u00f3n. <\/p>\n<p>Como propiedad de alquiler, era esencial demostrar que estaba limpia y era acogedora, adem\u00e1s de lo suficientemente espaciosa como para servir de base a una familia que quisiera pasar sus vacaciones en este pueblo de monta\u00f1a. Tambi\u00e9n quer\u00edamos proporcionar fotos detalladas que mostraran a los posibles hu\u00e9spedes algunas de las instalaciones y servicios disponibles durante su estancia. <\/p>\n","protected":false},"featured_media":16199,"comment_status":"closed","ping_status":"closed","template":"","genre":[124],"class_list":{"0":"post-17169","1":"album","2":"type-album","3":"status-publish","4":"has-post-thumbnail","6":"genre-casas-de-pueblo"},"_links":{"self":[{"href":"https:\/\/www.spanishvillaphotography.com\/es\/wp-json\/wp\/v2\/album\/17169","targetHints":{"allow":["GET"]}}],"collection":[{"href":"https:\/\/www.spanishvillaphotography.com\/es\/wp-json\/wp\/v2\/album"}],"about":[{"href":"https:\/\/www.spanishvillaphotography.com\/es\/wp-json\/wp\/v2\/types\/album"}],"replies":[{"embeddable":true,"href":"https:\/\/www.spanishvillaphotography.com\/es\/wp-json\/wp\/v2\/comments?post=17169"}],"wp:featuredmedia":[{"embeddable":true,"href":"https:\/\/www.spanishvillaphotography.com\/es\/wp-json\/wp\/v2\/media\/16199"}],"wp:attachment":[{"href":"https:\/\/www.spanishvillaphotography.com\/es\/wp-json\/wp\/v2\/media?parent=17169"}],"wp:term":[{"taxonomy":"genre","embeddable":true,"href":"https:\/\/www.spanishvillaphotography.com\/es\/wp-json\/wp\/v2\/genre?post=17169"}],"curies":[{"name":"wp","href":"https:\/\/api.w.org\/{rel}","templated":true}]}}

<p>Este apartamento de alquiler había sido reformado recientemente, utilizando los elementos y el mobiliario existentes, pero al mismo tiempo dándole un aspecto luminoso, limpio y aireado. Esto permitió crear un conjunto de fotos que mostraban los colores vibrantes y la atención al detalle que se había prestado a la decoración de cada habitación. </p>
<p>Como propiedad de alquiler, era esencial demostrar que estaba limpia y era acogedora, además de lo suficientemente espaciosa como para servir de base a una familia que quisiera pasar sus vacaciones en este pueblo de montaña. También queríamos proporcionar fotos detalladas que mostraran a los posibles huéspedes algunas de las instalaciones y servicios disponibles durante su estancia. </p>
