{"id":17147,"date":"2022-07-30T11:24:24","date_gmt":"2022-07-30T10:24:24","guid":{"rendered":"https:\/\/www.spanishvillaphotography.com\/album\/el-cuadrado\/"},"modified":"2025-06-09T19:29:28","modified_gmt":"2025-06-09T18:29:28","slug":"el-cuadrado","status":"publish","type":"album","link":"https:\/\/www.spanishvillaphotography.com\/es\/album\/el-cuadrado\/","title":{"rendered":"El Cuadrado"},"content":{"rendered":"\n<p>El Cuadrado es una espl\u00e9ndida propiedad construida en la ladera con fant\u00e1sticas vistas a la costa y Almu\u00f1ecar. Enfrentamos algunos desaf\u00edos con este proyecto, pero al final logramos producir un conjunto de im\u00e1genes que realmente mostraban la propiedad desde el anochecer hasta el d\u00eda brillante.<\/p>\n\n<p>El objetivo original era hacer una sesi\u00f3n diurna, pero luego se transform\u00f3 en una sesi\u00f3n nocturna tambi\u00e9n. Al final, acordamos que lo mejor ser\u00eda hacer todo el rodaje en una noche y al d\u00eda siguiente, y que los encantadores propietarios nos ofrecieran alojamiento durante la noche.<\/p>\n\n<p>Fotografiamos la propiedad por dentro y por fuera mientras la luz del atardecer se desvanec\u00eda hasta que tuvimos tomas nocturnas con las estrellas brillando intensamente. Luego reiniciamos temprano a la ma\u00f1ana siguiente para ver el amanecer. Luego, a medida que avanzaba la ma\u00f1ana, pudimos obtener fotograf\u00edas brillantes y soleadas de la piscina y los exteriores, con cielos azules profundos e incluso algunos vencejos en busca de desayuno.<\/p>\n","protected":false},"featured_media":16385,"comment_status":"closed","ping_status":"closed","template":"","genre":[126],"class_list":{"0":"post-17147","1":"album","2":"type-album","3":"status-publish","4":"has-post-thumbnail","6":"genre-propiedades-en-el-campo"},"_links":{"self":[{"href":"https:\/\/www.spanishvillaphotography.com\/es\/wp-json\/wp\/v2\/album\/17147","targetHints":{"allow":["GET"]}}],"collection":[{"href":"https:\/\/www.spanishvillaphotography.com\/es\/wp-json\/wp\/v2\/album"}],"about":[{"href":"https:\/\/www.spanishvillaphotography.com\/es\/wp-json\/wp\/v2\/types\/album"}],"replies":[{"embeddable":true,"href":"https:\/\/www.spanishvillaphotography.com\/es\/wp-json\/wp\/v2\/comments?post=17147"}],"wp:featuredmedia":[{"embeddable":true,"href":"https:\/\/www.spanishvillaphotography.com\/es\/wp-json\/wp\/v2\/media\/16385"}],"wp:attachment":[{"href":"https:\/\/www.spanishvillaphotography.com\/es\/wp-json\/wp\/v2\/media?parent=17147"}],"wp:term":[{"taxonomy":"genre","embeddable":true,"href":"https:\/\/www.spanishvillaphotography.com\/es\/wp-json\/wp\/v2\/genre?post=17147"}],"curies":[{"name":"wp","href":"https:\/\/api.w.org\/{rel}","templated":true}]}}

<p>El Cuadrado es una espléndida propiedad construida en la ladera con fantásticas vistas a la costa y Almuñecar. Enfrentamos algunos desafíos con este proyecto, pero al final logramos producir un conjunto de imágenes que realmente mostraban la propiedad desde el anochecer hasta el día brillante.</p>

<p>El objetivo original era hacer una sesión diurna, pero luego se transformó en una sesión nocturna también. Al final, acordamos que lo mejor sería hacer todo el rodaje en una noche y al día siguiente, y que los encantadores propietarios nos ofrecieran alojamiento durante la noche.</p>

<p>Fotografiamos la propiedad por dentro y por fuera mientras la luz del atardecer se desvanecía hasta que tuvimos tomas nocturnas con las estrellas brillando intensamente. Luego reiniciamos temprano a la mañana siguiente para ver el amanecer. Luego, a medida que avanzaba la mañana, pudimos obtener fotografías brillantes y soleadas de la piscina y los exteriores, con cielos azules profundos e incluso algunos vencejos en busca de desayuno.</p>
