{"id":17144,"date":"2022-11-11T14:58:46","date_gmt":"2022-11-11T14:58:46","guid":{"rendered":"https:\/\/www.spanishvillaphotography.com\/album\/casa-abuela\/"},"modified":"2025-06-09T10:19:48","modified_gmt":"2025-06-09T09:19:48","slug":"casa-abuela","status":"publish","type":"album","link":"https:\/\/www.spanishvillaphotography.com\/es\/album\/casa-abuela\/","title":{"rendered":"Casa Abuela"},"content":{"rendered":"\n<p>El propietario de Casa Abuela hab\u00eda renovado recientemente \u00e9ste y un segundo apartamento a un nivel muy alto, listos para futuros alquileres.<\/p>\n\n<p>Tuvimos mucha suerte con el tiempo, con cielos azules brillantes y mucho sol, lo que siempre ayuda a sacar lo mejor de las propiedades con las que trabajamos.<\/p>\n\n<p>Al tratarse de una construcci\u00f3n tradicional \u201calpujarre\u00f1a\u201d, techos con vigas, paredes gruesas y ventanas peque\u00f1as, el reto era conseguir que el interior pareciera tan luminoso como lo interpretar\u00eda el ojo humano.<\/p>\n\n<p>Tambi\u00e9n ponemos tapas y bebidas para dar esa c\u00e1lida sensaci\u00f3n de bienvenida.<\/p>\n","protected":false},"featured_media":16615,"comment_status":"closed","ping_status":"closed","template":"","genre":[124],"class_list":{"0":"post-17144","1":"album","2":"type-album","3":"status-publish","4":"has-post-thumbnail","6":"genre-casas-de-pueblo"},"_links":{"self":[{"href":"https:\/\/www.spanishvillaphotography.com\/es\/wp-json\/wp\/v2\/album\/17144","targetHints":{"allow":["GET"]}}],"collection":[{"href":"https:\/\/www.spanishvillaphotography.com\/es\/wp-json\/wp\/v2\/album"}],"about":[{"href":"https:\/\/www.spanishvillaphotography.com\/es\/wp-json\/wp\/v2\/types\/album"}],"replies":[{"embeddable":true,"href":"https:\/\/www.spanishvillaphotography.com\/es\/wp-json\/wp\/v2\/comments?post=17144"}],"wp:featuredmedia":[{"embeddable":true,"href":"https:\/\/www.spanishvillaphotography.com\/es\/wp-json\/wp\/v2\/media\/16615"}],"wp:attachment":[{"href":"https:\/\/www.spanishvillaphotography.com\/es\/wp-json\/wp\/v2\/media?parent=17144"}],"wp:term":[{"taxonomy":"genre","embeddable":true,"href":"https:\/\/www.spanishvillaphotography.com\/es\/wp-json\/wp\/v2\/genre?post=17144"}],"curies":[{"name":"wp","href":"https:\/\/api.w.org\/{rel}","templated":true}]}}

<p>El propietario de Casa Abuela había renovado recientemente éste y un segundo apartamento a un nivel muy alto, listos para futuros alquileres.</p>

<p>Tuvimos mucha suerte con el tiempo, con cielos azules brillantes y mucho sol, lo que siempre ayuda a sacar lo mejor de las propiedades con las que trabajamos.</p>

<p>Al tratarse de una construcción tradicional “alpujarreña”, techos con vigas, paredes gruesas y ventanas pequeñas, el reto era conseguir que el interior pareciera tan luminoso como lo interpretaría el ojo humano.</p>

<p>También ponemos tapas y bebidas para dar esa cálida sensación de bienvenida.</p>
